19.
18
What is the remainder when 533 is divided by 18?
11
Calculate the remainder when 216 is divided by 123.
93
What is the remainder when 2412 is divided by 14?
4
Calculate the remainder when 64 is divided by 21.
1
What is the remainder when 854 is divided by 30?
14
What is the remainder when 226 is divided by 38?
36
Calculate the remainder when 162 is divided by 33.
30
Calculate the remainder when 1135 is divided by 5.
0
Calculate the remainder when 13245 is divided by 24.
21
Calculate the remainder when 337 is divided by 77.
29
What is the remainder when 5562 is divided by 174?
168
Calculate the remainder when 292 is divided by 50.
42
What is the remainder when 643 is divided by 114?
73
What is the remainder when 49 is divided by 10?
9
Calculate the remainder when 145 is divided by 29.
0
What is the remainder when 1189 is divided by 10?
9
Calculate the remainder when 857 is divided by 230.
167
Calculate the remainder when 65 is divided by 24.
17
Calculate the remainder when 295 is divided by 48.
7
Calculate the remainder when 270 is divided by 49.
25
Calculate the remainder when 37 is divided by 10.
7
What is the remainder when 263 is divided by 66?
65
What is the remainder when 1148 is divided by 96?
92
Calculate the remainder when 248 is divided by 40.
8
What is the remainder when 48 is divided by 18?
12
Calculate the remainder when 2906 is divided by 71.
66
Calculate the remainder when 251 is divided by 43.
36
Calculate the remainder when 145 is divided by 29.
0
What is the remainder when 909 is divided by 449?
11
What is the remainder when 174 is divided by 38?
22
What is the remainder when 223 is divided by 7?
6
What is the remainder when 204 is divided by 53?
45
What is the remainder when 1642 is divided by 12?
10
What is the remainder when 709 is divided by 7?
2
What is the remainder when 462 is divided by 461?
1
Calculate the remainder when 1511 is divided by 42.
41
Calculate the remainder when 207 is divided by 43.
35
Calculate the remainder when 911 is divided by 61.
57
What is the remainder when 268 is divided by 45?
43
Calculate the remainder when 198 is divided by 47.
10
Calculate the remainder when 548 is divided by 269.
10
Calculate the remainder when 261 is divided by 126.
9
Calculate the remainder when 725 is divided by 35.
25
Calculate the remainder when 460 is divided by 83.
45
What is the remainder when 290 is divided by 59?
54
What is the remainder when 23 is divided by 19?
4
Calculate the remainder when 20 is divided by 5.
0
What is the remainder when 627 is divided by 45?
42
Calculate the remainder when 81 is divided by 30.
21
Calculate the remainder when 478 is divided by 48.
46
What is the remainder when 1185 is divided by 170?
165
What is the remainder when 799 is divided by 106?
57
What is the remainder when 872 is divided by 182?
144
What is the remainder when 662 is divided by 29?
24
What is the remainder when 249 is divided by 19?
2
Calculate the remainder when 5040 is divided by 2515.
10
Calculate the remainder when 4809 is divided by 17.
15
What is the remainder when 12 is divided by 7?
5
Calculate the remainder when 456 is divided by 51.
48
What is the remainder when 44 is divided by 8?
4
What is the remainder when 119 is divided by 22?
9
What is the remainder when 4024 is divided by 61?
59
Calculate the remainder when 487 is divided by 128.
103
Calculate the remainder when 97 is divided by 47.
3
What is the remainder when 968 is divided by 87?
11
What is the remainder when 1193 is divided by 26?
23
Calculate the remainder when 393 is divided by 21.
15
What is the remainder when 698 is divided by 28?
26
What is the remainder when 104 is divided by 29?
17
What is the remainder when 13193 is divided by 100?
93
What is the remainder when 6279 is divided by 20?
19
Calculate the remainder when 1495 is divided by 50.
45
Calculate the remainder when 602 is divided by 7.
0
Calculate the remainder when 599 is divided by 14.
11
What is the remainder when 725 is divided by 143?
10
Calculate the remainder when 883 is divided by 873.
10
Calculate the remainder when 4082 is divided by 1359.
5
What is the remainder when 90 is divided by 52?
38
What is the remainder when 64 is divided by 22?
20
Calculate the remainder when 192 is divided by 47.
4
Calculate the remainder when 152 is divided by 66.
20
What is the remainder when 893 is divided by 294?
11
Calculate the remainder when 3145 is divided by 3.
1
Calculate the remainder when 608 is divided by 182.
62
What is the remainder when 304 is divided by 63?
52
Calculate the remainder when 2206 is divided by 48.
46
Calculate the remainder when 513 is divided by 43.
40
What is the remainder when 1853 is divided by 58?
55
Calculate the remainder when 170 is divided by 20.
10
Calculate the remainder when 142 is divided by 4.
2
Calculate the remainder when 30 is divided by 25.
5
What is the remainder when 297 is divided by 30?
27
Calculate the remainder when 5 is divided by 2.
1
Calculate the remainder when 687 is divided by 34.
7
Calculate the remainder when 71 is divided by 30.
11
What is the remainder when 331 is divided by 17?
8
Calculate the remainder when 127 is divided by 99.
28
What is the remainder when 262 is divided by 19?
15
Calculate the remainder when 141 is divided by 48.
45
Calculate the remainder when 29031 is divided by 76.
75
What is the remainder when 388 is divided by 26?
24
What is the remainder when 74 is divided by 62?
12
Calculate the remainder when 510 is divided by 52.
42
What is the remainder when 2656 is divided by 6?
4
What is the remainder when 53 is divided by 23?
7
Calculate the remainder when 444 is divided by 89.
88
What is the remainder when 223 is divided by 32?
31
What is the remainder when 605 is divided by 19?
16
What is the remainder when 790 is divided by 259?
13
What is the remainder when 1404 is divided by 463?
15
Calculate the remainder when 49 is divided by 26.
23
Calculate the remainder when 535 is divided by 193.
149
What is the remainder when 220 is divided by 103?
14
Calculate the remainder when 117 is divided by 24.
21
Calculate the remainder when 73 is divided by 37.
36
What is the remainder when 31 is divided by 13?
5
Calculate the remainder when 68 is divided by 9.
5
Calculate the remainder when 123 is divided by 31.
30
Calculate the remainder when 70 is divided by 35.
0
What is the remainder when 114 is divided by 58?
56
Calculate the remainder when 432 is divided by 172.
88
What is the remainder when 2149 is divided by 10?
9
Calculate the remainder when 265 is divided by 23.
12
What is the remainder when 11619 is divided by 140?
139
What is the remainder when 940 is divided by 226?
36
Calculate the remainder when 115 is divided by 12.
7
What is the remainder when 71 is divided by 9?
8
Calculate the remainder when 63 is divided by 18.
9
Calculate the remainder when 113 is divided by 52.
9
Calculate the remainder when 95 is divided by 20.
15
What is the remainder when 1303 is divided by 119?
113
What is the remainder when 1477 is divided by 31?
20
Calculate the remainder when 47 is divided by 47.
0
Calculate the remainder when 35 is divided by 19.
16
Calculate the remainder when 168 is divided by 84.
0
Calculate the remainder when 75 is divided by 66.
9
Calculate the remainder when 154 is divided by 35.
14
Calculate the remainder when 74 is divided by 66.
8
What is the remainder when 51 is divided by 15?
6
What is the remainder when 432 is divided by 217?
215
What is the remainder when 3030 is divided by 179?
166
What is the remainder when 565 is divided by 23?
13
Calculate the remainder when 254 is divided by 67.
53
What is the remainder when 22429 is divided by 32?
29
Calculate the remainder when 31 is divided by 13.
5
Calculate the remainder when 66 is divided by 32.
2
Calculate the remainder when 692 is divided by 346.
0
What is the remainder when 172 is divided by 57?
1
What is the remainder when 21 is divided by 2?
1
Calculate the remainder when 177 is divided by 100.
77
Calculate the remainder when 470 is divided by 35.
15
What is the remainder when 1205 is divided by 101?
94
Calculate the remainder when 84 is divided by 21.
0
Calculate the remainder when 114 is divided by 7.
2
What is the remainder when 14466 is 